eatest common factor of d and 3?
1
Suppose -l + 0 - 4 = 0. Let v be -3 - l - (-4 + -34). What is the highest common divisor of 78 and v?
39
Let k(q) = q**2 + 3*q - 15. Let d be k(-7). Let b(r) = r**2 + 13*r + 27. Let v be b(-18). Calculate the greatest common factor of v and d.
13
Let s be -8*((-2)/4)/(11/154). What is the highest common factor of s and 1064?
56
Suppose -i - 3069 = -10*i. Calculate the greatest common factor of 22 and i.
11
Let m = -448 - -459. Calculate the highest common factor of 22 and m.
11
Let x be 11726/1001 - (-10)/(-14). Let o = 10 + 1. Calculate the highest common divisor of o and x.
11
Let x be ((-24)/56 + 104/14)*-1. Let o be 232/1 - (-7)/x. What is the greatest common factor of 33 and o?
33
Let h = 24 + -20. Suppose 2*s + 4*t - 78 = 0, -h*t - 68 = -4*s + 40. What is the highest common factor of 124 and s?
31
Suppose 3*s - 4*w = -35, 2*w + 17 = -3*s - 3*w. Let d be 7 + s - (2 + 1)*-4. Suppose -99 = -3*y + 51. Calculate the greatest common divisor of y and d.
10
Let p(u) = 5*u**2 - 2*u - 42. Let s be p(4). What is the highest common factor of s and 50?
10
Let q = 71 - 72. Let f be 17/3 + q/(-3) + 0. Calculate the greatest common divisor of f and 66.
6
Let q = -7 + 17. Let p = q - 6. Suppose 0 = -p*w - 2*y + 42, -2*w = 3*y - 4 - 15. Calculate the highest common divisor of w and 1.
1
Suppose 6*h + 2 - 14 = 0. Let g be 18/63 - 12/(-7). Suppose 0 = p - g*s - h*s - 22, -4*s = 2*p - 80. Calculate the highest common divisor of p and 374.
34
Suppose 5*b + r = -3*r - 390, -3*b - 4*r - 234 = 0. Let m = b - -86. Calculate the highest common divisor of m and 40.
8
Suppose -q - 4*t + 42 = 4*q, 3*q + 4*t = 30. Let h(k) = k**3 - 18*k**2 + 8*k - 42. Let s be h(18). Calculate the highest common factor of s and q.
6
Suppose -2 - 5 = 4*x + 5*a, -19 = -2*x + 5*a. Suppose x*b - 75 = -3*b. Calculate the greatest common factor of b and 105.
15
Suppose -z + 4 - 3 = d, 4*z = 4*d - 20. Suppose h - d*c = -0*h + 155, 0 = -3*h - 5*c + 395. What is the greatest common factor of h and 28?
28
Suppose 0 = 11*s - 13*s + 4*g + 28, -4*s + 56 = 4*g. What is the highest common factor of 14 and s?
14
Suppose -3*g - 5*h - 23 = -7*g, 0 = 5*g + h - 36. Let m be 5 - g/((-21)/9). Calculate the greatest common divisor of m and 2.
2
Let m be (18/4)/(4/(-40)). Let w be (-1880)/m + 6/27. Let f(l) = -l**3 + 6*l**2 + 5*l - 2. Let p be f(6). Calculate the highest common divisor of w and p.
14
Suppose -4*v = u - 108 - 50, -5*u = 3*v - 110. Calculate the greatest common factor of v and 40.
40
Suppose -p + 7*p - 444 = 0. Let t = p - 72. What is the greatest common divisor of 26 and t?
2
Let t(p) = -3*p. Let s be t(-1). Let z be (s*7)/(21/14). Let a = -81 - -116. What is the highest common factor of a and z?
7
Let w = -28 - -24. Let z be -4 + 10 + w + -4. Let a be 72*((-5)/z)/5. Calculate the highest common divisor of 12 and a.
12
Let b be ((-2 - 197) + 0)*-1*1. Suppose -151 = -7*v + b. Calculate the highest common factor of v and 20.
10
Let x(o) = o**3 + o**2 - 11*o - 3. Let b be x(-3). What is the highest common divisor of 588 and b?
12
Let u = -62 + 80. What is the highest common factor of 288 and u?
18
Suppose k - 3*r = 44, -4*k - 2*r + 135 = k. What is the greatest common factor of 406 and k?
29
Let x be 2/(-4) - (-244)/8. Let w(c) = -c**3 - 2*c**2 + 2*c + 2. Let o be w(-3). Suppose -o*j + 322 = -1028. What is the highest common factor of j and x?
30
Let t be 1 - -1 - 7 - (15 + -307). What is the highest common divisor of 41 and t?
41
Let c = -1102 + 1114. What is the greatest common divisor of c and 36?
12
Suppose -5 = -5*t - 0*o - 5*o, -3*t - o + 7 = 0. Let w be 72/(-40)*(-5)/(-3) - -24. What is the highest common factor of w and t?
3
Suppose -g - j + 136 = 0, 4*g - 65*j = -67*j + 544. Calculate the highest common factor of g and 16.
8
Suppose -9*f + 4*f = 0. Suppose 4*q = 4, f*r + 2*r - 48 = -4*q. Suppose k + s - 170 + 21 = 0, k + 4*s - 134 = 0. What is the highest common factor of r and k?
22
Let o be 10/45*3 + (-142)/(-3). What is the highest common factor of 78 and o?
6
Let x(o) = -2*o**2 + 4*o + 2. Let f be x(4). Let d = 24 + f. Suppose 5*j - 44 = 2*h - 4, -4*h - d = -3*j. What is the greatest common factor of j and 110?
10
Let m = 88 - 51. Suppose -5*y - 7 + m = 0. What is the highest common divisor of 3 and y?
3
Suppose 45*v - 17*v = -14*v + 2310. Suppose 0 = -5*z - 20, 2*z + 3*z = -3*g + 13. What is the greatest common factor of g and v?
11
Suppose 53*q - 10 = 58*q. Let o be q*1026/(-16) + (-1)/4. Calculate the greatest common factor of 32 and o.
32
Suppose -3*y = -6*y + 48. Let a be (116/(-4))/(2/4). Let n = -42 - a. What is the highest common divisor of y and n?
16
Let x(p) = -p**3 + 11*p**2 - p + 15. Let t be x(11). Let u(o) = -4*o + 12 - t*o + 4*o + 3*o. Let r be u(9). What is the highest common factor of 15 and r?
3
Let o(s) = s**2 + 12*s + 12. Let h be o(-1). Calculate the greatest common divisor of 41 and h.
1
Let u = -221 + 320. Suppose 3*b - 7 = -y + 6, b = -4*y + 19. Let x be 3*(-1 + y - 0). Calculate the highest common divisor of x and u.
9
Let n = -181 + 340. Suppose -168 = -n*i + 157*i. Calculate the greatest common factor of 12 and i.
12
Let o be (126/(-105))/((-4)/30). What is the greatest common factor of o and 495?
9
Let v be 4*(-1 + 9 - 4). Suppose 5*c - 138 = 102. Calculate the highest common factor of c and v.
16
Let i(z) = -91 + 14*z + 2*z + 107. Let o be i(14). Calculate the highest common divisor of o and 12.
12
Let q(t) = -t**3 - 8*t**2 - 3*t - 15. Let m be q(-8). Let l = m - -31. Suppose 4*j = k + 43, 5*j - 3*k - l = k. What is the highest common factor of j and 6?
6
Suppose -2*m + 7*m - 1595 = 0. What is the highest common factor of m and 29?
29
Suppose 4*v - 4*t - 48 = 0, v - 11*t = -13*t. Suppose y = -f + 9, 21 = 3*f - 3*y - 0*y. Calculate the highest common divisor of v and f.
8
Let f(g) = -11*g + 68. Let b be f(6). What is the greatest common factor of b and 7?
1
Let o(b) = -b**2 + 16*b - 4. Let j be o(11). Suppose -3*p = -3*a - j, a - 70 = -4*p + 3*a. Let d = -42 + 45. What is the highest common factor of d and p?
3
Let o be ((-9)/(-2))/((-3)/(-20)). Suppose 9*g - 86 - 94 = 0. Suppose -4*f - y + 4*y = -o, 2*f - g = -y. What is the highest common factor of f and 9?
9
Let h be (-4)/(-18) + 112/63. Suppose 0 = -h*y - 3*s + 19, 3*y + 2*s - 21 = -0*y. Let w = 1 + y. What is the highest common factor of w and 15?
3
Let n = -61 - -101. Let a = -1368 + 1398. Calculate the highest common divisor of a and n.
10
Let d be (196/(-56))/(-1 + (-66)/(-68)). Let k(w) = 16*w**2 - w. Let t be k(-1). What is the highest common divisor of d and t?
17
Let i = 68 + -92. Let h be (-3)/(i/514) + (-1)/4. What is the highest common divisor of h and 16?
16
Let z = 222 - 132. Suppose -110 = -4*p + z. What is the highest common factor of 125 and p?
25
Let z(b) = -5*b. Let q be z(-3). Suppose f = 5*t - 8 - q, -4*t = -20. Let h = 3 + f. What is the highest common factor of 10 and h?
5
Let r = -236 + 294. Calculate the highest common divisor of 261 and r.
29
Let i be ((-2)/(-4))/(2/48). Let d be -1 + (-10 - -9)*-10. Calculate the greatest common factor of i and d.
3
Suppose 13*p + 48 = 880. Calculate the greatest common factor of 272 and p.
16
Suppose 64*m - 46*m - 288 = 0. Calculate the highest common divisor of 24 and m.
8
Let h(x) = 13*x**2 - 13*x - 39. Let u be h(-4). What is the greatest common factor of u and 119?
17
Let c(i) = 4*i + 6. Let g be c(-1). Suppose -7 = v + g*f, -3*v - 4*f - 19 + 6 = 0. What is the greatest common divisor of v and 6?
1
Suppose 2283 = 28*p + 463. Calculate the highest common factor of p and 5.
5
Let j = -501 + 1391. What is the highest common divisor of j and 10?
10
Let m be (16 - 13) + 0 + 0. Suppose 39 + 75 = m*y. What is the highest common divisor of y and 190?
38
Let o be 4/(-30) - 844/(-30). What is the greatest common divisor of 147 and o?
7
Suppose 5*b = 4*r, -r = -0*r - 5*b. Suppose -4*o + 6*o - 26 = -4*i, o + 3*i - 15 = r. Let x be -2 + -2 + 2 + 47. What is the greatest common factor of x and o?
9
Let c be -3*(7/(-49) + 31/21). Let r be (7/c)/(-3*4/192). Calculate the greatest common factor of r and 14.
14
Suppose -11*w = -22*w + 1320. What is the greatest common divisor of 90 and w?
30
Let z(f) = 4*f + 12. Le